 7, what is 43022 - 5?
43014
In base 3, what is 1 - 1120?
-1112
In base 8, what is 1021 - 0?
1021
In base 11, what is 1 - -79?
7a
In base 13, what is 93 + -8?
88
In base 5, what is -1400 - 2?
-1402
In base 5, what is -2 - -2?
0
In base 2, what is 100 + 10001011?
10001111
In base 10, what is 34 - 141?
-107
In base 16, what is -2 - 7e9?
-7eb
In base 3, what is 121 - 12?
102
In base 7, what is 1112 + -2?
1110
In base 5, what is 34 - -1?
40
In base 9, what is -15 - -64?
48
In base 13, what is 5 - -1b4?
1b9
In base 15, what is -79 + 1?
-78
In base 13, what is 0 - 24?
-24
In base 8, what is -25 - 11?
-36
In base 8, what is 356 + -2?
354
In base 6, what is -500 + 30?
-430
In base 3, what is 1221 + -1012?
202
In base 5, what is -332 - -433?
101
In base 6, what is 2 - 1100?
-1054
In base 4, what is 1230 - -131?
2021
In base 12, what is 3 - -4b3?
4b6
In base 2, what is -100 + 1001101101?
1001101001
In base 6, what is -13 - -151?
134
In base 5, what is 44 + -4140?
-4041
In base 15, what is -10d + 10?
-ed
In base 15, what is -a + -26?
-31
In base 12, what is 571 + 3?
574
In base 10, what is -3 + 184?
181
In base 9, what is -3 + -53?
-56
In base 11, what is -21 - -3?
-19
In base 12, what is 1 + -b7?
-b6
In base 6, what is 455 + 50?
545
In base 12, what is 2 + -19?
-17
In base 16, what is 252 - -a?
25c
In base 6, what is -1105 + -3?
-1112
In base 5, what is 222 + -11?
211
In base 6, what is 0 + 424?
424
In base 10, what is -2 - -46?
44
In base 4, what is 331132 + 3?
331201
In base 5, what is 300 + -11?
234
In base 16, what is -2d + -3?
-30
In base 10, what is -3 - -79?
76
In base 8, what is 3 + -2136?
-2133
In base 8, what is -42 + 250?
206
In base 13, what is 8c - -3?
92
In base 16, what is -84 + -28?
-ac
In base 10, what is 845 - 5?
840
In base 11, what is -249a - 0?
-249a
In base 6, what is -2 - -100?
54
In base 14, what is 1 + -75?
-74
In base 8, what is -2 + -16575?
-16577
In base 16, what is 7 + e5?
ec
In base 15, what is 18 + -4?
14
In base 2, what is 10100111 + -1011111?
1001000
In base 13, what is -527 + -2?
-529
In base 2, what is -1010001011 + 0?
-1010001011
In base 8, what is 3 + -1634?
-1631
In base 4, what is 21301 + 11?
21312
In base 5, what is 100 - -124?
224
In base 16, what is 4 + c6?
ca
In base 6, what is -3 - 22?
-25
In base 9, what is 167 + -7?
160
In base 12, what is -3b9 - -4?
-3b5
In base 9, what is -82 - 4?
-86
In base 9, what is 13 + -3?
10
In base 6, what is -5 + -153?
-202
In base 9, what is 7 + -3062?
-3054
In base 4, what is 10131 - -11?
10202
In base 9, what is 8 + 164?
173
In base 12, what is 2089 - -4?
2091
In base 9, what is 1 - -1450?
1451
In base 5, what is 12233 - -3?
12241
In base 6, what is 102410 - -3?
102413
In base 3, what is -1 + -1210?
-1211
In base 3, what is 1 - -102210?
102211
In base 9, what is -705 - 5?
-711
In base 13, what is 2 + 203?
205
In base 11, what is 5 - 98?
-93
In base 9, what is -4880 - -3?
-4876
In base 9, what is 1407 - -26?
1434
In base 7, what is -630 + 0?
-630
In base 8, what is -2 - 671?
-673
In base 4, what is -101111 - -13?
-101032
In base 9, what is 3 - 1683?
-1680
In base 4, what is -1 - -1100131?
1100130
In base 13, what is -3 + 70?
6a
In base 8, what is 10 - -5437?
5447
In base 3, what is -11 + -2012?
-2100
In base 14, what is -484 + 2?
-482
In base 7, what is -3 + -3042?
-3045
In base 8, what is 262 - 2?
260
In base 8, what is 3 + 447?
452
In base 2, what is 10010 - 101?
1101
In base 10, what is -125 + -22?
-147
In base 3, what is -11 - 222111?
-222122
In base 5, what is -331 + -324?
-1210
In base 5, what is 31 - 20?
11
In base 11, what is -5 - -1?
-4
In base 13, what is 5 + -1a?
-15
In base 3, what is 11 + 12?
100
In base 5, what is -331 - 3?
-334
In base 10, what is -143 + -4?
-147
In base 7, what is 2 + 13?
15
In base 11, what is 500 - 7?
4a4
In base 13, what is 1 - 56?
-55
In base 3, what is 2 - -21002001?
21002010
In base 9, what is 2 - -228?
231
In base 15, what is c - -4?
11
In base 5, what is -10 - 22040?
-22100
In base 2, what is -1110 + -11101?
-101011
In base 9, what is 0 - -784?
784
In base 16, what is a3 - -13?
b6
In base 2, what is 0 - 10011?
-10011
In base 8, what is -5 - -1632?
1625
In base 14, what is 0 + 14ba?
14ba
In base 11, what is 0 + -1189?
-1189
In base 9, what is -3 + -7530?
-7533
In base 9, what is -3 + -21?
-24
In base 14, what is -5 - -9a?
95
In base 12, what is 1a - -10?
2a
In base 13, what is 3 + -60c?
-609
In base 12, what is 307 + -8?
2bb
In base 15, what is c8 - -48?
121
In base 13, what is 1 - 59?
-58
In base 6, what is 2553 - -1?
2554
In base 7, what is -6 + 12?
3
In base 8, what is 117 + -5?
112
In base 5, what is 4 + 22?
31
In base 12, what is -135 + 5?
-130
In base 12, what is 4 - -3a0?
3a4
In base 5, what is 104 - 0?
104
In base 8, what is -140 + 25?
-113
In base 7, what is -6 - 26?
-35
In base 15, what is -10 + 648?
638
In base 14, what is b4 + 2?
b6
In base 3, what is 10 + 1112?
1122
In base 9, what is -26 + 121?
84
In base 6, what is -2 - -24?
22
In base 2, what is -11 + 10010001101?
10010001010
In base 9, what is 81 - -18?
110
In base 10, what is 421 + -58?
363
In base 15, what is -ba + 19?
-a1
In base 16, what is 55 + -4?
51
In base 11, what is 3a - 8?
32
In base 11, what is -100 - 3?
-103
In base 12, what is -3 - 122?
-125
In base 3, what is 1 + -1220?
-1212
In base 9, what is -6 + -482?
-488
In base 11, what is -3 - -a3?
a0
In base 8, what is -61 - 144?
-225
In base 10, what is 20 - 165?
-145
In base 9, what is -30 + 85?
55
In base 15, what is 4 - 23?
-1e
In base 5, what is -2 + -21?
-23
In base 3, what is -1001 + 120012?
112011
In base 11, what is -111 + 6?
-106
In base 4, what is 1320313 + 11?
1320330
In base 16, what is -81 - 5?
-86
In base 10, what is -622 - -2?
-620
In base 13, what is -27 + 4?
-23
In base 16, what is 40 + -4?
3c
In base 14, what is -61 - 18?
-79
In base 13, what is 311 + -2?
30c
In base 6, what is 0 + 2544?
2544
In base 10, what is 4329 - -5?
4334
In base 2, what is -110101 - -1000?
-101101
In base 3, what is 101 - 220?
-112
In base 10, what is -3 + 316?
313
In base 16, what is 1d + -1ba?
-19d
In base 8, what is -17 + -203?
-222
In base 11, what is -38 - -3?
-35
In base 4, what is -22130 + 31?
-22033
In base 7, what is 15 + 13?
31
In base 11, what is 4 + -10?
-7
In base 8, what is -167 - -3?
-164
In base 13, what is 7 - -12b?
135
In base 3, what is 21 - -1100?
1121
In base 6, what is -4411 - -1?
-4410
In base 7, what is 3 + 264?
300
In base 7, what is -2 + -3?
-5
In base 5, what is 4 + 121?
130
In base 16, what is -2ae + 27?
-287
In base 11, what is a67 - 9?
a59
In base 10, what is -161 - -18?
-143
In base 8, what is -4 + -675?
-701
In base 15, what is 31 - -c2?
103
In base 10, what is 184 + -3?
181
In base 13, what is 2 + 451?
453
In base 9, what is 2 - -111?
113
In base 6, what is -35033 + 0?
-35033
In base 9, what is 1 + -331?
-330
In base 3, what is -12 - -210001?
202212
In base 10, what is -4 + -444?
-448
In base 12, what is 5 - 4?
1
In base 6, what is 20 + 50?
110
In base 5, what is -2003 - 3?
-2011
In base 4, what is -3212 + 12?
-3200
In base 16, what is -b - -7?
-4
In base 8, what is -2 + -104?
-106
In base 2, what is -101110 + -101011001?
-110000111
In base 14, what is 4 - 41?
-3b
In base 2, what is 10011101111 + -1?
10011101110
In base 15, what is -3 - -b?
8
In base 7, what is -463 + 3?
-460
In base 14, what is -1c4 - -5?
-1bd
In base 15, what is 4 + -15?
-11
In base 4, what is 33022 - -10?
33032
In base 3, what is -12 + -1100?
-1112
In base 9, what is 16 - 12?
4
In base 4, what is -10 + 13113?
13103
In base 8, what is 1 + -4425?
-4424
In base 9, what is 128 + -3?
125
In base 14, what is -50 - d?
-5d
In base 10, what is -276 - -40?
-236
In base 8, what is 4 + 221?
225
In base 16, what is -2e - -3?
-2b
In base 4, what is -1 - 203?
-210
In base 8, what is -13 + 124?
111
In base 2, what is 1 - -1010000101?
1010000110
In base 5, what is 2223 + 10?
2233
In base 5, what is 1 - -14044?
14100
In base 10, what is -10 + -47?
-57
In base 3, what is -1100001 + -10?
-1100011
In base 4, what is -322 + -1?
-323
In base 16, what is 833 + -4?
82f
In base 10, what is -488 + -5?
-493
In base 11, what is 4978 + -1?
4977
In base 15, what is -359 - 2?
-35b
In base 15, what is c - -1a?
27
In base 14, what is -a + 13?
7
In ba